et p(v) = 253*v - 50. List the prime factors of p(k).
2, 367
Let u = 793 + -925. List the prime factors of (u/(-10))/(3*4/60).
2, 3, 11
Let z(d) = -d**3 - 60*d**2 - 58*d + 151. List the prime factors of z(-60).
3631
Let z be 45/(-18)*(-56)/(-10). Let i(p) = -96*p - 257. List the prime factors of i(z).
1087
Let a = -51733 + 92611. What are the prime factors of a?
2, 3, 757
Suppose 5 = b + 12. Let r be 0/b + 0 + 3. What are the prime factors of 71 - (4 - r)*1?
2, 5, 7
Let d = -3130 - -9838. List the prime factors of d.
2, 3, 13, 43
Let p = -12 - -43. Suppose 3*l - l - 4*r = 58, -5*l = -3*r - 131. Let y = p - l. What are the prime factors of y?
2, 3
Let h(w) = w**3 + 7*w**2 + 7*w - 5. Let n be h(-10). Let u = -131 - n. What are the prime factors of u?
2, 61
Suppose 76*l - 72*l - 2196 = 0. Let p = 1138 - l. List the prime factors of p.
19, 31
Suppose -5*i = -2*g + 4, -4*i = -2*g - 0*g + 6. Suppose 0 = 2*q - g*q + 20. Suppose q = b - 111. What are the prime factors of b?
5, 23
Let b(a) = 160*a + 129. List the prime factors of b(23).
13, 293
Suppose -8*s + 80 = -3*s. Let k(q) = q - 26. Let i be k(s). List the prime factors of 60/27*-3*72/i.
2, 3
Let t(y) = -7 + 3*y**2 - 4 - 1 - y**2 - 17*y. List the prime factors of t(12).
2, 3
Let i(g) = 20*g + 63. Let n be i(13). Let j = n + 8. List the prime factors of j.
331
Suppose -6 = 5*y - 21. Suppose -y*v = 15, -3*t + 1734 = 2*v + v. What are the prime factors of t?
11, 53
Let r = 5926 + -2016. List the prime factors of r.
2, 5, 17, 23
Let v(n) = 12*n - 121. Let t be v(12). Let o(m) = 3*m**2 - 28*m + 14. List the prime factors of o(t).
3, 11, 29
Suppose -5*g = -3*f - 838, 0 = 3*g - 4*f - 3*f - 508. Suppose -b - 2*s + 62 = 0, -3*b + b + s + 144 = 0. Let v = g + b. What are the prime factors of v?
3, 79
Let x(w) = 182 + 2*w - 174 + w**2 + 0*w**2. Let d(y) = 3*y - 2. Let s be d(-4). List the prime factors of x(s).
2, 11
Let u(n) = -n - 5. Let d be u(-5). Let j be d/((-2)/(-2))*1. Suppose 2*s - 238 = 4*w, w + 5 + 0 = j. List the prime factors of s.
109
Let o = 24244 + -23595. What are the prime factors of o?
11, 59
Let u be (-15)/(-24)*4*(-8)/10. What are the prime factors of (2975/(-25))/(u/4)?
2, 7, 17
Let d(b) = 29*b**3 + 14*b**2 - 13*b + 4. List the prime factors of d(5).
2, 19, 103
Suppose 178655 = -204*b + 1503048 + 449795. List the prime factors of b.
3, 13, 223
Let z = 427 - 291. Let t = z + -75. List the prime factors of t.
61
Let i(q) = -28*q - 68. Let x(p) = p**2 + 3*p - 35. Let z be x(4). List the prime factors of i(z).
2
Suppose 2*s = 2*m - 0*s - 3286, 3*s = -m + 1647. Suppose -6*j + 11*j - 2048 = -2*x, -4*j = 3*x - m. What are the prime factors of j?
2, 3, 17
Let n = -19 + 17. Let o be n/((-5)/(-5)) - -10. What are the prime factors of 49 - ((-6)/(-2) + (-24)/o)?
7
Let z be (-2 + -4)/((-3)/(-2)) - 14. List the prime factors of 1/(-6) + (-4035)/z.
2, 7
Let h = 0 + 4. Suppose 3*w + 2*q = 13, h*w - 1 - 1 = 5*q. Suppose -b + 145 = 2*m, -365 = -5*m - w*b - 2*b. What are the prime factors of m?
2, 3
Let r(u) = 991*u**3 + 2*u**2 - 1. Let d be r(-1). Let k = d - -1550. Suppose 0 = 77*q - 73*q - k. List the prime factors of q.
2, 5, 7
Let i(a) = -a**3 + 17*a**2 - 34*a - 38. Let d be i(14). Suppose 0 = -d*j + 50*j + 432. List the prime factors of j.
2, 3
Let u(s) = 16044*s**3 - 2*s**2 + 3*s - 2. What are the prime factors of u(1)?
61, 263
Let t = -577 + 551. What are the prime factors of ((-437)/38)/(1/t)?
13, 23
Let v(m) = -m**2 + 16*m - 1. Let n = 90 - 47. Suppose 5 = 6*f - n. List the prime factors of v(f).
3, 7
List the prime factors of -2*((-304995)/30)/(-3 - -4).
20333
Let u(f) = -4*f**2 - 6*f - 5. Let i be u(-4). Let c = 166 - 138. Let b = c - i. What are the prime factors of b?
73
Let m = 5 - -4. Suppose 23*c = 35*c - 9300. Suppose -14*u = -m*u - c. What are the prime factors of u?
5, 31
Suppose 4*j = -2*z + 88, 6*z = 11*z + 2*j - 180. Let s(y) = y**3 - 32*y**2 - 48*y - 15. List the prime factors of s(z).
5, 7, 19
Let i(b) = -83*b**3 - 5*b**2 + 18*b + 58. List the prime factors of i(-5).
2, 3, 13, 131
Let i = 32302 - 14561. What are the prime factors of i?
113, 157
Let x(w) = 15595*w - 1088. List the prime factors of x(4).
2, 7, 11, 199
Suppose -48*g + 2 = -47*g. Let x be 0 + 452/g*5/(-2). List the prime factors of (-3 + x/(-20))*4.
101
Let w(v) = -15*v - 7. Let d be w(0). What are the prime factors of d + 726 - (-10 - -4)?
5, 29
Suppose 5*h - 59813 = -2*r + 67494, -r - 25453 = -h. List the prime factors of h.
7, 3637
Suppose 3*h + d = -0*h + 23, 2*d = 4*h - 14. Let j be h/(-2*((-10)/(-12))/5). What are the prime factors of (9/j)/(0 - (-1)/(-46))?
23
Suppose 7 = -6*k - 23. What are the prime factors of 4 + k + (-5 - -4) + 164?
2, 3
Let w(r) = r - 9. Let k be w(10). Let f(p) = 18*p + 1 + 4 + k - 8*p. List the prime factors of f(7).
2, 19
Let q = -1089 + 674. Suppose -6*c - 6 = -36. List the prime factors of (-3 + c)*q/(-10).
83
Let s be (-4)/(1 - (-16)/(-20)). Let x = -24 - s. List the prime factors of (-28)/x + -4 - -41.
2, 11
Let l(f) = 466*f**3 + 59*f**2 + 2*f - 3. What are the prime factors of l(4)?
30773
What are the prime factors of (-54)/(-621) + 165387/69?
3, 17, 47
Let l(s) = 1120*s + 24. Let k be l(3). Suppose 0 = -11*v - 722 + k. List the prime factors of v.
2, 11
Suppose -932*r = -646*r - 13552682. List the prime factors of r.
47387
Let h be 12/102 + 25984/(-68). Let y = h + 1489. List the prime factors of y.
3, 41
Let h = -38 + 45. Suppose 37 = 6*c + h. Suppose 2*g - c*s = 62 + 81, g - s = 70. What are the prime factors of g?
3, 23
Let p = -71967 + 116276. What are the prime factors of p?
59, 751
Let d(c) = -781*c + 62. Let k be d(-6). Suppose 3*x - 8*y = -9*y + 2846, -5*x - 4*y + k = 0. List the prime factors of x.
2, 3, 79
List the prime factors of ((-18)/(-2))/9 + (-2 - 50394)/(-4).
2, 3, 5, 7
Let v = 5250 - 3404. Let k = v - 1230. What are the prime factors of k?
2, 7, 11
Suppose 45*t + 157256 - 642131 = 0. List the prime factors of t.
5, 431
Let b be 56/10 - (-4)/10. Let g(k) be the first derivative of -k**4/4 + 13*k**3/3 - 993. List the prime factors of g(b).
2, 3, 7
Let m = 197 - -1827. What are the prime factors of m?
2, 11, 23
List the prime factors of (1 - 1737)/((-114)/171).
2, 3, 7, 31
Suppose 3*h - 35 = -158. Let b = -38 - h. Suppose 4*d - b*d - 70 = 0. List the prime factors of d.
2, 5, 7
Let x = 188 - 163. Suppose x*b - 6*b = 8360. What are the prime factors of b?
2, 5, 11
Let c be (568/5)/(-4 + (-154)/(-35)). Suppose s = 2*m - c, -4*s - 259 = -2*m + 19. List the prime factors of m.
11, 13
Suppose 17 = 3*w + 47. Let c(b) be the first derivative of -3*b**2/2 + 14*b + 420. What are the prime factors of c(w)?
2, 11
Let i(l) = -l**3 - 19*l**2 + 26*l - 22. Let j be i(-19). Let y = j - -730. List the prime factors of y.
2, 107
Let t = -4185 - -56232. List the prime factors of t.
3, 5783
Suppose 3*h - 3*p - 180 = 0, -4*p = h - 92 + 17. Suppose -11*z - 19 = -h. Suppose 4*x + 30 = z*r + 2*x, -4*r = 3*x - 25. List the prime factors of r.
7
Let f = 17168 + -9991. What are the prime factors of f?
7177
Let q be (-2 - -3)*(-218 + -1). Let v = q - -2532. List the prime factors of v/18 + (-3)/2.
127
Let h(r) = r + 7. Let y be h(-5). Let x(f) = -5*f + y*f - 9 - 4*f - 5. What are the prime factors of x(-5)?
3, 7
List the prime factors of 7 - 11 - -6 - -3535.
3, 131
Let k(g) = 27*g - 5. Let q be k(4). Suppose -107*u + 612 = -q*u. What are the prime factors of u?
3, 17
Let k be 4*-1*(-300)/48. Suppose -10*a + 5*a = k. What are the prime factors of (135 - 2) + 7 + -4 + a?
131
Suppose f - 4*f = 0. Suppose -5*v + 2*g + 83 = 0, 0 = v + 3*g - 5*g - 23. Suppose -19*o + v*o + 312 = f. List the prime factors of o.
2, 3, 13
Let z(l) = -l**2 + 32*l + 217. Let c be z(38). What are the prime factors of (-2157)/(-3)*1*(-11)/c?
719
Suppose 4*q = -2*y + 70, 0 = -3*q - 3*y + 46 - 1. Suppose 0 = 3*h - 7*h - q, h - 1465 = -2*w. What are the prime factors of w?
3, 5, 7
Suppose -i = t + 2*i - 11312, 0 = -3*t - i + 33952. List the prime factors of t.
2, 5659
Let w = -50785 + 94905. List the prime factors of w.
2, 5, 1103
Let w(d) = -2*d**2 + 12*d - 13. Let o be w(3). What are the prime factors of (o/15)/(20/18360)?
2, 3, 17
Let u = -920 + 933. Suppose -4*r + 1816 = p, u*p - r + 5393 = 16*p. List the prime fa